List the prime factors of y.
3, 5
Let u = -12 + 103. What are the prime factors of u?
7, 13
Let s = -256 + 708. List the prime factors of s.
2, 113
Suppose 318 = 4*o - 2*o. What are the prime factors of o?
3, 53
Let q(o) = 57*o + 70. Let t be q(-9). Let m = t + 653. List the prime factors of m.
2, 3, 5, 7
Let w(y) = -67*y - 71. List the prime factors of w(-7).
2, 199
Let v(f) = 9*f**3 + f. Let a be v(-1). List the prime factors of 0 - a - (-16)/4.
2, 7
Let r(p) = p**3 - 2*p**2 - 2*p - 33. Let k be r(0). Let a = k + 106. List the prime factors of a.
73
Suppose t - h + 48 = 0, 0 = -0*t - 5*t - h - 252. What are the prime factors of (-2384)/(-10) - (-20)/t?
2, 7, 17
Suppose 4*k + 4*g = 0, -k + 3*k = g - 12. Let f(y) = y**3 + 5*y**2 + 4*y. Let q be f(k). Suppose q = 2*p - 5*p + 48. What are the prime factors of p?
2
Let j be (-6)/18*(-15 - 0). Suppose 258 = j*z - 187. What are the prime factors of z?
89
Let t = 2470 - 1461. What are the prime factors of t?
1009
Suppose -7*d + 3*d = -8. Let y = 4 - d. What are the prime factors of y/1 - (-26)/2?
3, 5
Let y = 193 - -113. List the prime factors of y.
2, 3, 17
Suppose 13 = -j + 6*j - 3*r, -2*r - 12 = -5*j. Suppose -5*p + 2*x + 99 + 516 = 0, -j*p - 5*x = -275. List the prime factors of p.
5
Let f = 49 + 48. What are the prime factors of f?
97
Let v = -54 + 58. Suppose d + 8*w = 5*w + 332, 0 = -v*w + 4. List the prime factors of d.
7, 47
Let w(s) = -s**2 + 5*s - 6. Let l be w(7). List the prime factors of (-5)/10*(5*l)/2.
5
Let w(f) = 34*f**3 - f**2 + 2*f - 1. Let u be w(1). Let z be ((-1)/2)/((-7)/42). Suppose -u = -z*h + 17. What are the prime factors of h?
17
Let c(d) = -2*d**3 - 3*d**2 - 2*d - 3. Let r be c(-2). Suppose -q = -3*u + u + 489, r*u + 5*q = 1245. What are the prime factors of u?
2, 3, 41
Let l be ((-6)/21 + (-2496)/(-14))*1. Let j = l + -121. List the prime factors of j.
3, 19
Suppose -j - 5*p + 14 = -15, 0 = 3*j - 4*p + 8. Let k(g) = 2*g**3 - 2*g**2 - 2*g + 1. List the prime factors of k(j).
89
Let z = 35 - 38. Let m(y) = 15*y**2 + y + 10. List the prime factors of m(z).
2, 71
Suppose 5*g = -n + 1546, 2*g + n = 137 + 479. List the prime factors of g.
2, 5, 31
Let w(a) = -10*a + 4. Let l be w(-4). Suppose -34*b + 440 = -14*b. Let g = l - b. What are the prime factors of g?
2, 11
Suppose -3*x - 3*r + 4*r + 4 = 0, 5*x - r - 4 = 0. Suppose -5*b + 2*b - 171 = x. Let l = b - -98. List the prime factors of l.
41
Suppose -3*t - 16*c + 14*c + 1612 = 0, -3*c = -5*t + 2655. List the prime factors of t.
2, 3, 89
Let f = -30 + 41. Suppose -917 = f*g - 18*g. What are the prime factors of g?
131
Let v(i) = i**3 + 9*i**2 - 6*i - 6. Let a(g) = g + 8. Let q be a(-7). Let n(r) = -9*r**2 - r + 1. Let x be n(q). List the prime factors of v(x).
2, 3
Let c = -10 + 2. Let l be c/12*3*-1. Suppose -4*z + 2*g + 2*g = -16, g - l = 0. What are the prime factors of z?
2, 3
Let r(i) = -i**2 + 7. Let p be r(0). Suppose -p*w = -3*w - 180. List the prime factors of w.
3, 5
Let x = 8 - 17. Let p = x + 14. Suppose -p*q + i = -50, -i + 4*i = -3*q + 30. What are the prime factors of q?
2, 5
Let t = -149 - -87. Let c be 10/20*(-2 - -238). Let y = c + t. List the prime factors of y.
2, 7
Let a(y) = -y**2 - 18*y - 1. Let p be 4/(-2)*(-162)/(-36). List the prime factors of a(p).
2, 5
Let p be 5 - (30/(-6))/(-5). Let b be 35 + 1/2*0. Suppose -p*k = k - b. List the prime factors of k.
7
Suppose -2*d + 15 = -5*d - 5*r, 0 = 5*d + 3*r + 9. Let c be (11 + 3 - d)/1. Suppose -2 = -p + c. List the prime factors of p.
2
Suppose t = 2*y + 46 + 103, 2*t - 299 = 5*y. Suppose 29 = 2*s - t. Let d = s + -62. What are the prime factors of d?
2, 13
Suppose -4*u + 20 = 3*m - 0*m, -3*u + 2 = -m. Suppose -2*k = -u*v + 3*k + 124, -4*v - 3*k + 274 = 0. Let b = v + -29. What are the prime factors of b?
2, 19
Suppose 8*q = 11 + 29. Suppose -4*r - 54 = -3*v, -q*v + 11 = -2*r - 93. List the prime factors of v.
2, 11
Suppose 0 = 3*y + 4*v - 7, -3*v + 25 = -8*v. Suppose 2*o - 3 = y. Suppose -2*s + 19 = 2*u + 1, -2*u - o = -s. List the prime factors of s.
2
Suppose -4*g = -g - 12. Let v(k) = 3*k**2 + 4*k + 3. Let o be v(g). Let c = o - 48. List the prime factors of c.
19
Let j(g) = g + 10. Let i be j(-7). What are the prime factors of i/21 - 2124/(-28)?
2, 19
Let a be (-9512)/(-87) - ((-2)/3)/1. Suppose -3*d = x - a, 0 = -4*d - 2*x - 22 + 168. What are the prime factors of d?
37
Let n = 838 + 89. List the prime factors of n.
3, 103
Suppose d = t - 4*t, 0 = 5*d. Suppose t = 5*g - 2*j - 350, -4*j + 5*j = 5*g - 345. What are the prime factors of g?
2, 17
List the prime factors of ((-4)/10)/(3 - (-11671)/(-3890)).
2, 389
Let t(z) = 5*z + 2. Let o be t(-3). Suppose -d + 19 = 5*a, -3*a + 19 = -2*d - 8. Let j = d - o. What are the prime factors of j?
7
Suppose -4 = -5*b + 21. Suppose -b*c = -2*c - 24. Let f(a) = a**3 - 8*a**2 + 5*a - 11. What are the prime factors of f(c)?
29
Let p(w) = 2*w**2 - 7*w - 147. What are the prime factors of p(17)?
2, 3, 13
Let j be -5 + 29 - (2 + 0). Let a = j + -31. List the prime factors of (-44)/(-6)*(-27)/a.
2, 11
Let s be (-32)/6*6/(-4). List the prime factors of ((-4)/s)/(2/(-196)).
7
Let w = 1467 - 712. List the prime factors of w.
5, 151
Let h be (0 - 0)/(-1)*1. Suppose h = -8*v + 6*v + 10. Let z = 14 - v. List the prime factors of z.
3
Let h(s) = s**3 + 2*s**2 - 4. Let v be h(0). What are the prime factors of ((-2)/v*-1)/((-18)/2124)?
59
Suppose 4*w + 6*p = 2*p + 12, 4*w = p + 22. Suppose -3*d + 14 = 3*k - 7, -w*k + 4*d = -62. What are the prime factors of k?
2, 5
Let d(w) = -18*w**3 + 3*w**2 + 18*w + 1. List the prime factors of d(-3).
2, 5, 23
Let k(j) = j**2 - 5*j + 2. Let u be k(3). Let q(f) = f**2 + 2*f + 12. What are the prime factors of q(u)?
2, 5
Let u = -7 - -16. Suppose 3*c = u*c - 84. What are the prime factors of c?
2, 7
List the prime factors of (7 + 2636 - -11) + 12.
2, 31, 43
Suppose 0 = 2*n + 2*h + 282, 3*h = -5*n + n - 564. Let r = -67 - n. What are the prime factors of r?
2, 37
Let j = -1 + 1. Suppose 4*t - 22 - 18 = j. What are the prime factors of t?
2, 5
Let w(y) = -y**3 + 9*y**2 - 4*y + 9. Let d be w(9). Let f = 45 + d. List the prime factors of f.
2, 3
Suppose 3*v + 359 = -2*o + 1570, -5*v + 2*o + 1997 = 0. What are the prime factors of v?
401
Let b(i) = -i**2 + 6*i + 10. Let f be b(7). Let c(y) = -3*y. Let m be c(-7). Suppose -5*z + 46 = -d - m, f = d. List the prime factors of z.
2, 7
Let c be (-2)/(-2) + 0/1. List the prime factors of 6/(-2 - -5)*c.
2
Let x = 40 + -37. Let d(w) = 2*w**2 - 1. List the prime factors of d(x).
17
Let l(k) = -17*k + 5 - 2 + 15*k. Suppose 6*i = 2*i - 16. List the prime factors of l(i).
11
Let a(c) = c**2 + 1. Let r be a(4). Suppose 3*d = r - 5. List the prime factors of d.
2
Let o be (2/(-4))/((-39)/18 + 2). Let p be (-3 - 0) + -1 + 0. What are the prime factors of o/(-12) + (-125)/p?
31
Let n(y) = -y**3 + 2. Let c be n(0). Let s be 0/(-2) - c - -41. Suppose 169 = 5*u + s. List the prime factors of u.
2, 13
Let u(q) = 5*q**3 + 3*q**2 - 3*q - 23. List the prime factors of u(4).
3, 37
Let k(h) = -2*h - 26. Let z be k(-14). Let i(y) = 31*y - 4. List the prime factors of i(z).
2, 29
Suppose 10*d - 66 - 22194 = 0. List the prime factors of d.
2, 3, 7, 53
Let m = -829 - -967. List the prime factors of m.
2, 3, 23
Let n = 21 - 14. Suppose 18*a = n*a + 1089. What are the prime factors of a?
3, 11
Suppose 655 = 2*u - 145. What are the prime factors of u?
2, 5
Let d(v) = -3 - v - 5 - 9*v + 2*v + v**2. Let k be d(-7). Suppose -s - 2*s = -y + 8, 4*s - k = -5*y. What are the prime factors of y?
17
Let q(s) = 5*s**3 - 2*s**2 + 11*s - 6. Let i be q(5). Suppose h = -2*v + 415, -3*h + 0*h = 3*v - i. What are the prime factors of v?
3, 23
Let a be (-16 + 2)*4/(-14). Let o be (1 - -7) + -7 + a. Suppose -w - 4*h + 11 = 0, 4*w = -o*h + h + 68. List the prime factors of w.
19
Suppose -4*h + 2848 = 4*n + h, n + 2*h = 715. What are the prime factors of n?
7, 101
Let v be 3/1 - 0/(-1). Suppose -a + 1 = -v. Suppose 22 = 6*c - a*c. List the prime factors of c.
11
Let w(i) = i**2 - i - 20. Let q(g) = -g**2 + 2*g + 20. Let r(v) = 2*q(v) + 3*w(v). List the prime factors of r(14).
2, 5, 19
Let c(v) = v**3 - 13*v**2 + 12*v + 5. Suppose 4*n = -n + 60. Let q be c(n). Suppose 74 = 2*p + q*t - t, 3*t - 3